n base 14, what is 61 - -7?
68
In base 9, what is 87 - 1?
86
In base 13, what is -468 - 1a?
-485
In base 16, what is 145 - 1?
144
In base 5, what is 112103 + 3?
112111
In base 6, what is 3212 + 3?
3215
In base 8, what is 4 - 235?
-231
In base 3, what is 2 + -10121?
-10112
In base 14, what is -3 + 5b?
58
In base 16, what is 4 + 1e?
22
In base 10, what is -1 - 794?
-795
In base 10, what is 8 + -18?
-10
In base 16, what is 2e + 0?
2e
In base 9, what is 15 + 103?
118
In base 13, what is 39 + 41?
7a
In base 2, what is -11011010 - 110?
-11100000
In base 12, what is -10 + 5?
-7
In base 9, what is -857 + -4?
-862
In base 4, what is -3 - 203320?
-203323
In base 10, what is -2 + 5414?
5412
In base 4, what is -2301 + 3?
-2232
In base 10, what is 53 - 4?
49
In base 13, what is -c2 + -2?
-c4
In base 11, what is 2 - -71?
73
In base 14, what is -1 + -87?
-88
In base 16, what is 0 + b9?
b9
In base 11, what is -1 + 11?
10
In base 2, what is -100001 - 10?
-100011
In base 5, what is 2 - -11341?
11343
In base 2, what is -110 + 1100110001?
1100101011
In base 6, what is -203 + 122?
-41
In base 16, what is 0 + -56?
-56
In base 3, what is -11 + 1111?
1100
In base 4, what is -10 + 300231?
300221
In base 9, what is 4 + -61?
-56
In base 9, what is 0 - -2078?
2078
In base 4, what is 123 + -3?
120
In base 5, what is 4 + 2023?
2032
In base 15, what is -4 + 6b?
67
In base 10, what is -3 + 44?
41
In base 15, what is -3 + -267?
-26a
In base 8, what is 4 - 111?
-105
In base 11, what is -568 + -2?
-56a
In base 7, what is 101 + 6?
110
In base 4, what is 2 + -11332?
-11330
In base 6, what is 2 + -5021?
-5015
In base 14, what is 20 + 12?
32
In base 14, what is 35 - 2?
33
In base 8, what is 2137 - -5?
2144
In base 4, what is 33 - -10?
103
In base 16, what is 9 + -472?
-469
In base 3, what is -11 - -1122212?
1122201
In base 12, what is -480 - 1?
-481
In base 14, what is 17 + 32?
49
In base 15, what is -ae - -4?
-aa
In base 10, what is 100 + -19?
81
In base 5, what is 1 + -2410?
-2404
In base 3, what is -2 + 221012?
221010
In base 7, what is 36 - 5?
31
In base 5, what is 22 - -3441?
4013
In base 10, what is 34 + -378?
-344
In base 16, what is -5 - 3c?
-41
In base 9, what is -6367 + 5?
-6362
In base 16, what is 4 + -d3?
-cf
In base 2, what is 110001 + -1000011?
-10010
In base 14, what is -3 + -79c?
-7a1
In base 3, what is -121 - 220022?
-220220
In base 14, what is 5c - -a?
68
In base 14, what is 2b - 4?
27
In base 10, what is -10 + 1347?
1337
In base 16, what is 3 - -10ef?
10f2
In base 3, what is 202 + 211?
1120
In base 10, what is 46 - -2?
48
In base 9, what is 1 - 136?
-135
In base 13, what is -2 + 1b71?
1b6c
In base 16, what is -677 - 1?
-678
In base 9, what is -13 + -10?
-23
In base 7, what is -145 + 4?
-141
In base 11, what is 309 - -5?
313
In base 3, what is -10010 - 12?
-10022
In base 11, what is -398a + 1?
-3989
In base 7, what is 35 - 451?
-413
In base 3, what is 0 + 112220?
112220
In base 15, what is 0 - -30?
30
In base 16, what is -26f - -1?
-26e
In base 10, what is 3 + -4?
-1
In base 14, what is -1a7 + -1?
-1a8
In base 8, what is -27 - 2?
-31
In base 11, what is 10 - -10?
20
In base 6, what is -13350 - 4?
-13354
In base 5, what is 10 - -41034?
41044
In base 7, what is 3 - -114?
120
In base 15, what is -b4 + 13?
-a1
In base 15, what is 2c1 + -7?
2b9
In base 9, what is 1042 + -16?
1025
In base 5, what is -1 + 2230?
2224
In base 5, what is -13 - -410?
342
In base 3, what is -11000 + -12?
-11012
In base 6, what is -10 - -225?
215
In base 9, what is 1221 - 5?
1215
In base 9, what is 1 - 510?
-508
In base 3, what is 10 + 10?
20
In base 7, what is 4011 + 5?
4016
In base 5, what is 114 - -301?
420
In base 16, what is -7b9 - -5?
-7b4
In base 6, what is 2 - 411?
-405
In base 14, what is 23 - 8c?
-69
In base 9, what is -7238 + -3?
-7242
In base 13, what is 4 + 16b?
172
In base 13, what is -31 - 0?
-31
In base 14, what is 5 + -10?
-9
In base 3, what is 210 - 211000?
-210020
In base 3, what is -11001 + 11?
-10220
In base 7, what is -3 + 1254?
1251
In base 16, what is 5e6 - 5?
5e1
In base 11, what is 0 + 29?
29
In base 7, what is 1 - 14462?
-14461
In base 5, what is -12 + -401?
-413
In base 7, what is 1 + 43?
44
In base 5, what is -1 - 330?
-331
In base 6, what is -5 - -53?
44
In base 8, what is 2 - -225?
227
In base 3, what is 10 + 100?
110
In base 7, what is -10 - -10306?
10266
In base 11, what is -1 + 1169?
1168
In base 5, what is -1022 + 0?
-1022
In base 16, what is -d0 - 5?
-d5
In base 7, what is -213 - -1?
-212
In base 11, what is -6a - 6?
-75
In base 10, what is -5974 + -2?
-5976
In base 7, what is -3 - 3334?
-3340
In base 15, what is -b30 - -2?
-b2d
In base 10, what is 6 + -10?
-4
In base 11, what is a + -209?
-1aa
In base 14, what is -81c + -5?
-823
In base 12, what is -315 + -1?
-316
In base 13, what is 2 - -15c9?
15cb
In base 5, what is -23412 - 3?
-23420
In base 16, what is 5 - 20?
-1b
In base 10, what is 5 + 3?
8
In base 10, what is 451 - -2?
453
In base 3, what is -2001110 - 11?
-2001121
In base 7, what is -11 - -144?
133
In base 10, what is 5 + -18?
-13
In base 6, what is -43 - 5?
-52
In base 14, what is -69bd + -4?
-69c3
In base 6, what is 22 + -231?
-205
In base 15, what is 21 + -1?
20
In base 14, what is d + 8?
17
In base 10, what is 6 + -773?
-767
In base 11, what is -184 + 46?
-139
In base 8, what is -201 + -7?
-210
In base 7, what is 4 + -6611?
-6604
In base 12, what is 12 - -a?
20
In base 13, what is -444 - -3?
-441
In base 10, what is -5 - 199?
-204
In base 15, what is -54 + -1?
-55
In base 4, what is -102101 - 3?
-102110
In base 11, what is -340 + 2?
-339
In base 6, what is -24 + -120?
-144
In base 3, what is 11220 + -2?
11211
In base 14, what is cc + 4?
d2
In base 11, what is 8 + -170?
-163
In base 12, what is -31 - -3b?
a
In base 12, what is a79 + 0?
a79
In base 5, what is 3210 + 2?
3212
In base 3, what is -11 - 2100?
-2111
In base 9, what is 142 + 5?
147
In base 11, what is -1876 - a?
-1885
In base 13, what is -4 + -4c?
-53
In base 8, what is 2 + 226?
230
In base 16, what is 1 + -73?
-72
In base 16, what is 4 - 394?
-390
In base 10, what is 292 + -5?
287
In base 12, what is -58 + 1b?
-39
In base 13, what is -11 + b5?
a4
In base 12, what is a - -17?
25
In base 15, what is 2 - -100?
102
In base 6, what is 1 - 33?
-32
In base 15, what is 2 - 352?
-350
In base 13, what is -35 - -72?
3a
In base 6, what is -4 - 1251?
-1255
In base 9, what is -1 + 215?
214
In base 15, what is 3 + -3?
0
In base 5, what is 4022 + -23?
3444
In base 9, what is -753 - 4?
-757
In base 11, what is 1a - 0?
1a
In base 13, what is -5 + -25a7?
-25ac
In base 3, what is 112 - -1012?
1201
In base 9, what is -84 + 1?
-83
In base 10, what is -3 - 1?
-4
In base 14, what is 5 + -143?
-13c
In base 6, what is 0 + 2200?
2200
In base 8, what is -2 - 20?
-22
In base 2, what is 11 - 10011100100?
-10011100001
In base 16, what is -13 + -43d?
-450
In base 13, what is 25 + -9?
19
In base 8, what is -265 + -5?
-272
In base 3, what is -20211 + 222?
-12212
In base 14, what is 4d9 + 0?
4d9
In base 2, what is 101 + 100110110000?
100110110101
In base 5, what is 30 - 2221?
-2141
In base 10, what is 5060 + 2?
5062
In base 11, what is -51 + 21?
-30
In base 10, what is 4 + 16?
20
In base 13, what is -33 + 4?
-2c
In base 14, what is a3 + 7?
aa
In base 15, what is -4d - 3?
-51
In base 2, what is -1000110000 - -111?
-1000101001
In base 11, what is -15 - 928?
-942
In base 5, what is -333 - 14?
-402
In base 11, what is -329 + -8?
-336
In base 3, what is 0 + 22111021?
22111021
In base 16, what is -990 + -3?
-993
In base 12, what is 8 + -64?
-58
In base 16, what is -4870 + -5?
-4875
In base 14, what is -c - c?
-1a
In base 12, what is 304 - 4?
300
In base 5, what is 4144 + 22?
4221
In base 15, what is 5 + -38?
-33
In base 3, what is 0 - -120200?
120200
In base 5, what is -224 + 4?
-220
In base 7, what is 40 - 10?
30
In base 15, what is -1b - 7?
-23
In base 16, what is 8a3 + 1?
8a4
In base 15, what is 0 + 3b?
3b
In base 7, what is 114320 + 1?
114321
In base 2, what is 101 + 100?
1001
In base 13, what is 8 - -33?
3b
In base 3, what is -1 - -10000?
2222
In base 8, what is 4 + -112?
-106
In base 5, what is 1 + 21?
22
In base 15, what is 4 + -bd?
-b9
In base 9, what is 70 + 20?
100
In base 11, what is -1 - -685?
684
In base 13, 